{"id":1082,"date":"2025-09-26T19:14:44","date_gmt":"2025-09-26T17:14:44","guid":{"rendered":"https:\/\/nuovo.circolonauticostabia.it\/?page_id=1082"},"modified":"2025-11-18T17:02:42","modified_gmt":"2025-11-18T16:02:42","slug":"il-tennis","status":"publish","type":"page","link":"https:\/\/www.circolonauticostabia.it\/?page_id=1082","title":{"rendered":"Il Tennis"},"content":{"rendered":"\t\t<div data-elementor-type=\"wp-page\" data-elementor-id=\"1082\" class=\"elementor elementor-1082\">\n\t\t\t\t<div class=\"elementor-element elementor-element-5c49058 e-flex e-con-boxed wpr-particle-no wpr-jarallax-no wpr-parallax-no wpr-sticky-section-no e-con e-parent\" data-id=\"5c49058\" data-element_type=\"container\">\n\t\t\t\t\t<div class=\"e-con-inner\">\n\t\t<div class=\"elementor-element elementor-element-fa622d4 e-con-full e-flex wpr-particle-no wpr-jarallax-no wpr-parallax-no wpr-sticky-section-no e-con e-child\" data-id=\"fa622d4\" data-element_type=\"container\">\n\t\t\t\t<div class=\"elementor-element elementor-element-26be7a2 elementor-widget elementor-widget-image\" data-id=\"26be7a2\" data-element_type=\"widget\" data-widget_type=\"image.default\">\n\t\t\t\t<div class=\"elementor-widget-container\">\n\t\t\t\t\t\t\t\t\t\t\t\t\t\t\t<img fetchpriority=\"high\" decoding=\"async\" width=\"1024\" height=\"697\" src=\"https:\/\/www.circolonauticostabia.it\/wp-content\/uploads\/2025\/11\/Immagine-WhatsApp-2025-11-18-ore-10.38.14_41b99116-e1763481614379-1024x697.jpg\" class=\"attachment-large size-large wp-image-2235\" alt=\"\" srcset=\"https:\/\/www.circolonauticostabia.it\/wp-content\/uploads\/2025\/11\/Immagine-WhatsApp-2025-11-18-ore-10.38.14_41b99116-e1763481614379-1024x697.jpg 1024w, https:\/\/www.circolonauticostabia.it\/wp-content\/uploads\/2025\/11\/Immagine-WhatsApp-2025-11-18-ore-10.38.14_41b99116-e1763481614379-300x204.jpg 300w, https:\/\/www.circolonauticostabia.it\/wp-content\/uploads\/2025\/11\/Immagine-WhatsApp-2025-11-18-ore-10.38.14_41b99116-e1763481614379-768x522.jpg 768w, https:\/\/www.circolonauticostabia.it\/wp-content\/uploads\/2025\/11\/Immagine-WhatsApp-2025-11-18-ore-10.38.14_41b99116-e1763481614379-1536x1045.jpg 1536w, https:\/\/www.circolonauticostabia.it\/wp-content\/uploads\/2025\/11\/Immagine-WhatsApp-2025-11-18-ore-10.38.14_41b99116-e1763481614379-200x136.jpg 200w, https:\/\/www.circolonauticostabia.it\/wp-content\/uploads\/2025\/11\/Immagine-WhatsApp-2025-11-18-ore-10.38.14_41b99116-e1763481614379.jpg 2048w\" sizes=\"(max-width: 1024px) 100vw, 1024px\" \/>\t\t\t\t\t\t\t\t\t\t\t\t\t\t\t<\/div>\n\t\t\t\t<\/div>\n\t\t\t\t<div class=\"elementor-element elementor-element-6d66de9 elementor-widget elementor-widget-heading\" data-id=\"6d66de9\" data-element_type=\"widget\" data-widget_type=\"heading.default\">\n\t\t\t\t<div class=\"elementor-widget-container\">\n\t\t\t\t\t<h1 class=\"elementor-heading-title elementor-size-default\">Il Tennis<\/h1>\t\t\t\t<\/div>\n\t\t\t\t<\/div>\n\t\t\t\t<div class=\"elementor-element elementor-element-6f1c775 elementor-widget elementor-widget-text-editor\" data-id=\"6f1c775\" data-element_type=\"widget\" data-widget_type=\"text-editor.default\">\n\t\t\t\t<div class=\"elementor-widget-container\">\n\t\t\t\t\t\t\t\t\t<p>Il tennis (il nome pu\u00f2 essere tradotto in italiano con un termine arcaico non pi\u00f9 in uso quale \u201cschiaffo palla\u201d) \u00e8 uno sport della racchetta che vede opporsi due o quattro giocatori (due contro due, incontro di doppio) in un campo da gioco diviso in due met\u00e0 da una rete alta 0,914 m al centro e 1,07 m ai lati.\u00a0<\/p>\t\t\t\t\t\t\t\t<\/div>\n\t\t\t\t<\/div>\n\t\t\t\t<\/div>\n\t\t<div class=\"elementor-element elementor-element-7fce822 e-con-full e-flex wpr-particle-no wpr-jarallax-no wpr-parallax-no wpr-sticky-section-no e-con e-child\" data-id=\"7fce822\" data-element_type=\"container\">\n\t\t\t\t<div class=\"elementor-element elementor-element-5f64463 elementor-widget elementor-widget-image\" data-id=\"5f64463\" data-element_type=\"widget\" data-widget_type=\"image.default\">\n\t\t\t\t<div class=\"elementor-widget-container\">\n\t\t\t\t\t\t\t\t\t\t\t\t\t\t\t<img decoding=\"async\" width=\"755\" height=\"1024\" src=\"https:\/\/www.circolonauticostabia.it\/wp-content\/uploads\/2025\/09\/FB_IMG_1757681358942-755x1024.jpg\" class=\"attachment-large size-large wp-image-1081\" alt=\"\" srcset=\"https:\/\/www.circolonauticostabia.it\/wp-content\/uploads\/2025\/09\/FB_IMG_1757681358942-755x1024.jpg 755w, https:\/\/www.circolonauticostabia.it\/wp-content\/uploads\/2025\/09\/FB_IMG_1757681358942-221x300.jpg 221w, https:\/\/www.circolonauticostabia.it\/wp-content\/uploads\/2025\/09\/FB_IMG_1757681358942-768x1041.jpg 768w, https:\/\/www.circolonauticostabia.it\/wp-content\/uploads\/2025\/09\/FB_IMG_1757681358942-1133x1536.jpg 1133w, https:\/\/www.circolonauticostabia.it\/wp-content\/uploads\/2025\/09\/FB_IMG_1757681358942-200x271.jpg 200w, https:\/\/www.circolonauticostabia.it\/wp-content\/uploads\/2025\/09\/FB_IMG_1757681358942.jpg 1320w\" sizes=\"(max-width: 755px) 100vw, 755px\" \/>\t\t\t\t\t\t\t\t\t\t\t\t\t\t\t<\/div>\n\t\t\t\t<\/div>\n\t\t\t\t<\/div>\n\t\t\t\t\t<\/div>\n\t\t\t\t<\/div>\n\t\t<div class=\"elementor-element elementor-element-aa15c28 e-flex e-con-boxed wpr-particle-no wpr-jarallax-no wpr-parallax-no wpr-sticky-section-no e-con e-parent\" data-id=\"aa15c28\" data-element_type=\"container\">\n\t\t\t\t\t<div class=\"e-con-inner\">\n\t\t\t\t<div class=\"elementor-element elementor-element-8711d40 elementor-widget elementor-widget-text-editor\" data-id=\"8711d40\" data-element_type=\"widget\" data-widget_type=\"text-editor.default\">\n\t\t\t\t<div class=\"elementor-widget-container\">\n\t\t\t\t\t\t\t\t\t<p>\u00c8 considerato uno sport completo e armonico (sebbene fisicamente in parte asimmetrico perch\u00e9 un braccio viene escluso dal movimento del corpo) in quanto sono richieste al contempo ottime capacit\u00e0 fisiche (coordinazione, velocit\u00e0 e resistenza sulla distanza) e mentali (tecnica nei colpi, tattica, visione di gioco, riflessi e intuito).<\/p>\t\t\t\t\t\t\t\t<\/div>\n\t\t\t\t<\/div>\n\t\t\t\t\t<\/div>\n\t\t\t\t<\/div>\n\t\t<div class=\"elementor-element elementor-element-c909d33 e-flex e-con-boxed wpr-particle-no wpr-jarallax-no wpr-parallax-no wpr-sticky-section-no e-con e-parent\" data-id=\"c909d33\" data-element_type=\"container\">\n\t\t\t\t\t<div class=\"e-con-inner\">\n\t\t\t\t<div class=\"elementor-element elementor-element-03ccac4 elementor-widget elementor-widget-heading\" data-id=\"03ccac4\" data-element_type=\"widget\" data-widget_type=\"heading.default\">\n\t\t\t\t<div class=\"elementor-widget-container\">\n\t\t\t\t\t<h2 class=\"elementor-heading-title elementor-size-default\">Quali sono i benefici ?<\/h2>\t\t\t\t<\/div>\n\t\t\t\t<\/div>\n\t\t\t\t<div class=\"elementor-element elementor-element-f16c219 elementor-widget elementor-widget-text-editor\" data-id=\"f16c219\" data-element_type=\"widget\" data-widget_type=\"text-editor.default\">\n\t\t\t\t<div class=\"elementor-widget-container\">\n\t\t\t\t\t\t\t\t\t<p>Il tennis \u00e8 uno sport completo perch\u00e9 migliora l\u2019adattamento cardiovascolare alla resistenza, alla fatica e migliora la muscolatura e il lavoro fisiologico delle articolazioni. Dal punto di vista mentale \u00e8 richiesta molta forza di volont\u00e0. Si pu\u00f2 praticare dai 6 agli 80 anni. I pi\u00f9 giovani adattano al massimo le proprie capacit\u00e0 psicofisiche; gli anziani possono graduare la resistenza in base all\u2019intensit\u00e0 dello sforzo richiesto, purch\u00e9 ci sia \u2013 a monte \u2013 una preparazione fisica generale adeguata. E\u2019 fondamentale, in tutti i casi, possedere e sviluppare una buona facilit\u00e0 di corsa, esente da difetti.<\/p>\t\t\t\t\t\t\t\t<\/div>\n\t\t\t\t<\/div>\n\t\t\t\t\t<\/div>\n\t\t\t\t<\/div>\n\t\t\t\t<\/div>\n\t\t","protected":false},"excerpt":{"rendered":"<p>Il Tennis Il tennis (il nome pu\u00f2 essere tradotto in italiano con un termine arcaico non pi\u00f9 in uso quale \u201cschiaffo palla\u201d) \u00e8 uno sport della racchetta che vede opporsi due o quattro giocatori (due contro due, incontro di doppio) in un campo da gioco diviso in due met\u00e0 da una rete alta 0,914 m al centro e 1,07 m ai lati.\u00a0 \u00c8 considerato uno sport completo e armonico (sebbene fisicamente in parte asimmetrico perch\u00e9 un braccio viene escluso dal movimento del corpo) in quanto sono richieste al contempo ottime capacit\u00e0 fisiche (coordinazione, velocit\u00e0 e resistenza sulla distanza) e mentali (tecnica nei colpi, tattica, visione di gioco, riflessi e intuito). Quali sono i benefici ? Il tennis \u00e8 uno sport completo perch\u00e9 migliora l\u2019adattamento cardiovascolare alla resistenza, alla fatica e migliora la muscolatura e il lavoro fisiologico delle articolazioni. Dal punto di vista mentale \u00e8 richiesta molta forza di volont\u00e0. Si pu\u00f2 praticare dai 6 agli 80 anni. I pi\u00f9 giovani adattano al massimo le proprie capacit\u00e0 psicofisiche; gli anziani possono graduare la resistenza in base all\u2019intensit\u00e0 dello sforzo richiesto, purch\u00e9 ci sia \u2013 a monte \u2013 una preparazione fisica generale adeguata. E\u2019 fondamentale, in tutti i casi, possedere e sviluppare una buona facilit\u00e0 di corsa, esente da difetti.<\/p>\n","protected":false},"author":1,"featured_media":0,"parent":0,"menu_order":0,"comment_status":"closed","ping_status":"closed","template":"","meta":{"footnotes":""},"class_list":["post-1082","page","type-page","status-publish","hentry"],"yoast_head":"<!-- This site is optimized with the Yoast SEO plugin v26.6 - https:\/\/yoast.com\/wordpress\/plugins\/seo\/ -->\n<title>Il Tennis - Circolo Nautico Stabia<\/title>\n<meta name=\"robots\" content=\"index, follow, max-snippet:-1, max-image-preview:large, max-video-preview:-1\" \/>\n<link rel=\"canonical\" href=\"https:\/\/www.circolonauticostabia.it\/?page_id=1082\" \/>\n<meta property=\"og:locale\" content=\"it_IT\" \/>\n<meta property=\"og:type\" content=\"article\" \/>\n<meta property=\"og:title\" content=\"Il Tennis - Circolo Nautico Stabia\" \/>\n<meta property=\"og:description\" content=\"Il Tennis Il tennis (il nome pu\u00f2 essere tradotto in italiano con un termine arcaico non pi\u00f9 in uso quale \u201cschiaffo palla\u201d) \u00e8 uno sport della racchetta che vede opporsi due o quattro giocatori (due contro due, incontro di doppio) in un campo da gioco diviso in due met\u00e0 da una rete alta 0,914 m al centro e 1,07 m ai lati.\u00a0 \u00c8 considerato uno sport completo e armonico (sebbene fisicamente in parte asimmetrico perch\u00e9 un braccio viene escluso dal movimento del corpo) in quanto sono richieste al contempo ottime capacit\u00e0 fisiche (coordinazione, velocit\u00e0 e resistenza sulla distanza) e mentali (tecnica nei colpi, tattica, visione di gioco, riflessi e intuito). Quali sono i benefici ? Il tennis \u00e8 uno sport completo perch\u00e9 migliora l\u2019adattamento cardiovascolare alla resistenza, alla fatica e migliora la muscolatura e il lavoro fisiologico delle articolazioni. Dal punto di vista mentale \u00e8 richiesta molta forza di volont\u00e0. Si pu\u00f2 praticare dai 6 agli 80 anni. I pi\u00f9 giovani adattano al massimo le proprie capacit\u00e0 psicofisiche; gli anziani possono graduare la resistenza in base all\u2019intensit\u00e0 dello sforzo richiesto, purch\u00e9 ci sia \u2013 a monte \u2013 una preparazione fisica generale adeguata. E\u2019 fondamentale, in tutti i casi, possedere e sviluppare una buona facilit\u00e0 di corsa, esente da difetti.\" \/>\n<meta property=\"og:url\" content=\"https:\/\/www.circolonauticostabia.it\/?page_id=1082\" \/>\n<meta property=\"og:site_name\" content=\"Circolo Nautico Stabia\" \/>\n<meta property=\"article:modified_time\" content=\"2025-11-18T16:02:42+00:00\" \/>\n<meta property=\"og:image\" content=\"https:\/\/www.circolonauticostabia.it\/wp-content\/uploads\/2025\/11\/Immagine-WhatsApp-2025-11-18-ore-10.38.14_41b99116-e1763481614379-1024x697.jpg\" \/>\n<meta name=\"twitter:card\" content=\"summary_large_image\" \/>\n<meta name=\"twitter:label1\" content=\"Tempo di lettura stimato\" \/>\n\t<meta name=\"twitter:data1\" content=\"1 minuto\" \/>\n<script type=\"application\/ld+json\" class=\"yoast-schema-graph\">{\"@context\":\"https:\/\/schema.org\",\"@graph\":[{\"@type\":\"WebPage\",\"@id\":\"https:\/\/www.circolonauticostabia.it\/?page_id=1082\",\"url\":\"https:\/\/www.circolonauticostabia.it\/?page_id=1082\",\"name\":\"Il Tennis - Circolo Nautico Stabia\",\"isPartOf\":{\"@id\":\"https:\/\/www.circolonauticostabia.it\/#website\"},\"primaryImageOfPage\":{\"@id\":\"https:\/\/www.circolonauticostabia.it\/?page_id=1082#primaryimage\"},\"image\":{\"@id\":\"https:\/\/www.circolonauticostabia.it\/?page_id=1082#primaryimage\"},\"thumbnailUrl\":\"https:\/\/www.circolonauticostabia.it\/wp-content\/uploads\/2025\/11\/Immagine-WhatsApp-2025-11-18-ore-10.38.14_41b99116-e1763481614379-1024x697.jpg\",\"datePublished\":\"2025-09-26T17:14:44+00:00\",\"dateModified\":\"2025-11-18T16:02:42+00:00\",\"breadcrumb\":{\"@id\":\"https:\/\/www.circolonauticostabia.it\/?page_id=1082#breadcrumb\"},\"inLanguage\":\"it-IT\",\"potentialAction\":[{\"@type\":\"ReadAction\",\"target\":[\"https:\/\/www.circolonauticostabia.it\/?page_id=1082\"]}]},{\"@type\":\"ImageObject\",\"inLanguage\":\"it-IT\",\"@id\":\"https:\/\/www.circolonauticostabia.it\/?page_id=1082#primaryimage\",\"url\":\"https:\/\/www.circolonauticostabia.it\/wp-content\/uploads\/2025\/11\/Immagine-WhatsApp-2025-11-18-ore-10.38.14_41b99116-e1763481614379.jpg\",\"contentUrl\":\"https:\/\/www.circolonauticostabia.it\/wp-content\/uploads\/2025\/11\/Immagine-WhatsApp-2025-11-18-ore-10.38.14_41b99116-e1763481614379.jpg\",\"width\":2048,\"height\":1393},{\"@type\":\"BreadcrumbList\",\"@id\":\"https:\/\/www.circolonauticostabia.it\/?page_id=1082#breadcrumb\",\"itemListElement\":[{\"@type\":\"ListItem\",\"position\":1,\"name\":\"Home\",\"item\":\"https:\/\/www.circolonauticostabia.it\/\"},{\"@type\":\"ListItem\",\"position\":2,\"name\":\"Il Tennis\"}]},{\"@type\":\"WebSite\",\"@id\":\"https:\/\/www.circolonauticostabia.it\/#website\",\"url\":\"https:\/\/www.circolonauticostabia.it\/\",\"name\":\"Circolo Nautico Stabia\",\"description\":\"\",\"publisher\":{\"@id\":\"https:\/\/www.circolonauticostabia.it\/#organization\"},\"potentialAction\":[{\"@type\":\"SearchAction\",\"target\":{\"@type\":\"EntryPoint\",\"urlTemplate\":\"https:\/\/www.circolonauticostabia.it\/?s={search_term_string}\"},\"query-input\":{\"@type\":\"PropertyValueSpecification\",\"valueRequired\":true,\"valueName\":\"search_term_string\"}}],\"inLanguage\":\"it-IT\"},{\"@type\":\"Organization\",\"@id\":\"https:\/\/www.circolonauticostabia.it\/#organization\",\"name\":\"Circolo Nautico Stabia\",\"url\":\"https:\/\/www.circolonauticostabia.it\/\",\"logo\":{\"@type\":\"ImageObject\",\"inLanguage\":\"it-IT\",\"@id\":\"https:\/\/www.circolonauticostabia.it\/#\/schema\/logo\/image\/\",\"url\":\"https:\/\/www.circolonauticostabia.it\/wp-content\/uploads\/2025\/07\/cropped-LOGO-23.png\",\"contentUrl\":\"https:\/\/www.circolonauticostabia.it\/wp-content\/uploads\/2025\/07\/cropped-LOGO-23.png\",\"width\":957,\"height\":829,\"caption\":\"Circolo Nautico Stabia\"},\"image\":{\"@id\":\"https:\/\/www.circolonauticostabia.it\/#\/schema\/logo\/image\/\"}}]}<\/script>\n<!-- \/ Yoast SEO plugin. -->","yoast_head_json":{"title":"Il Tennis - Circolo Nautico Stabia","robots":{"index":"index","follow":"follow","max-snippet":"max-snippet:-1","max-image-preview":"max-image-preview:large","max-video-preview":"max-video-preview:-1"},"canonical":"https:\/\/www.circolonauticostabia.it\/?page_id=1082","og_locale":"it_IT","og_type":"article","og_title":"Il Tennis - Circolo Nautico Stabia","og_description":"Il Tennis Il tennis (il nome pu\u00f2 essere tradotto in italiano con un termine arcaico non pi\u00f9 in uso quale \u201cschiaffo palla\u201d) \u00e8 uno sport della racchetta che vede opporsi due o quattro giocatori (due contro due, incontro di doppio) in un campo da gioco diviso in due met\u00e0 da una rete alta 0,914 m al centro e 1,07 m ai lati.\u00a0 \u00c8 considerato uno sport completo e armonico (sebbene fisicamente in parte asimmetrico perch\u00e9 un braccio viene escluso dal movimento del corpo) in quanto sono richieste al contempo ottime capacit\u00e0 fisiche (coordinazione, velocit\u00e0 e resistenza sulla distanza) e mentali (tecnica nei colpi, tattica, visione di gioco, riflessi e intuito). Quali sono i benefici ? Il tennis \u00e8 uno sport completo perch\u00e9 migliora l\u2019adattamento cardiovascolare alla resistenza, alla fatica e migliora la muscolatura e il lavoro fisiologico delle articolazioni. Dal punto di vista mentale \u00e8 richiesta molta forza di volont\u00e0. Si pu\u00f2 praticare dai 6 agli 80 anni. I pi\u00f9 giovani adattano al massimo le proprie capacit\u00e0 psicofisiche; gli anziani possono graduare la resistenza in base all\u2019intensit\u00e0 dello sforzo richiesto, purch\u00e9 ci sia \u2013 a monte \u2013 una preparazione fisica generale adeguata. E\u2019 fondamentale, in tutti i casi, possedere e sviluppare una buona facilit\u00e0 di corsa, esente da difetti.","og_url":"https:\/\/www.circolonauticostabia.it\/?page_id=1082","og_site_name":"Circolo Nautico Stabia","article_modified_time":"2025-11-18T16:02:42+00:00","og_image":[{"url":"https:\/\/www.circolonauticostabia.it\/wp-content\/uploads\/2025\/11\/Immagine-WhatsApp-2025-11-18-ore-10.38.14_41b99116-e1763481614379-1024x697.jpg","type":"","width":"","height":""}],"twitter_card":"summary_large_image","twitter_misc":{"Tempo di lettura stimato":"1 minuto"},"schema":{"@context":"https:\/\/schema.org","@graph":[{"@type":"WebPage","@id":"https:\/\/www.circolonauticostabia.it\/?page_id=1082","url":"https:\/\/www.circolonauticostabia.it\/?page_id=1082","name":"Il Tennis - Circolo Nautico Stabia","isPartOf":{"@id":"https:\/\/www.circolonauticostabia.it\/#website"},"primaryImageOfPage":{"@id":"https:\/\/www.circolonauticostabia.it\/?page_id=1082#primaryimage"},"image":{"@id":"https:\/\/www.circolonauticostabia.it\/?page_id=1082#primaryimage"},"thumbnailUrl":"https:\/\/www.circolonauticostabia.it\/wp-content\/uploads\/2025\/11\/Immagine-WhatsApp-2025-11-18-ore-10.38.14_41b99116-e1763481614379-1024x697.jpg","datePublished":"2025-09-26T17:14:44+00:00","dateModified":"2025-11-18T16:02:42+00:00","breadcrumb":{"@id":"https:\/\/www.circolonauticostabia.it\/?page_id=1082#breadcrumb"},"inLanguage":"it-IT","potentialAction":[{"@type":"ReadAction","target":["https:\/\/www.circolonauticostabia.it\/?page_id=1082"]}]},{"@type":"ImageObject","inLanguage":"it-IT","@id":"https:\/\/www.circolonauticostabia.it\/?page_id=1082#primaryimage","url":"https:\/\/www.circolonauticostabia.it\/wp-content\/uploads\/2025\/11\/Immagine-WhatsApp-2025-11-18-ore-10.38.14_41b99116-e1763481614379.jpg","contentUrl":"https:\/\/www.circolonauticostabia.it\/wp-content\/uploads\/2025\/11\/Immagine-WhatsApp-2025-11-18-ore-10.38.14_41b99116-e1763481614379.jpg","width":2048,"height":1393},{"@type":"BreadcrumbList","@id":"https:\/\/www.circolonauticostabia.it\/?page_id=1082#breadcrumb","itemListElement":[{"@type":"ListItem","position":1,"name":"Home","item":"https:\/\/www.circolonauticostabia.it\/"},{"@type":"ListItem","position":2,"name":"Il Tennis"}]},{"@type":"WebSite","@id":"https:\/\/www.circolonauticostabia.it\/#website","url":"https:\/\/www.circolonauticostabia.it\/","name":"Circolo Nautico Stabia","description":"","publisher":{"@id":"https:\/\/www.circolonauticostabia.it\/#organization"},"potentialAction":[{"@type":"SearchAction","target":{"@type":"EntryPoint","urlTemplate":"https:\/\/www.circolonauticostabia.it\/?s={search_term_string}"},"query-input":{"@type":"PropertyValueSpecification","valueRequired":true,"valueName":"search_term_string"}}],"inLanguage":"it-IT"},{"@type":"Organization","@id":"https:\/\/www.circolonauticostabia.it\/#organization","name":"Circolo Nautico Stabia","url":"https:\/\/www.circolonauticostabia.it\/","logo":{"@type":"ImageObject","inLanguage":"it-IT","@id":"https:\/\/www.circolonauticostabia.it\/#\/schema\/logo\/image\/","url":"https:\/\/www.circolonauticostabia.it\/wp-content\/uploads\/2025\/07\/cropped-LOGO-23.png","contentUrl":"https:\/\/www.circolonauticostabia.it\/wp-content\/uploads\/2025\/07\/cropped-LOGO-23.png","width":957,"height":829,"caption":"Circolo Nautico Stabia"},"image":{"@id":"https:\/\/www.circolonauticostabia.it\/#\/schema\/logo\/image\/"}}]}},"rttpg_featured_image_url":null,"rttpg_author":{"display_name":"Admin","author_link":"https:\/\/www.circolonauticostabia.it\/?author=1"},"rttpg_comment":0,"rttpg_category":null,"rttpg_excerpt":"Il Tennis Il tennis (il nome pu\u00f2 essere tradotto in italiano con un termine arcaico non pi\u00f9 in uso quale \u201cschiaffo palla\u201d) \u00e8 uno sport della racchetta che vede opporsi due o quattro giocatori (due contro due, incontro di doppio) in un campo da gioco diviso in due met\u00e0 da una rete alta 0,914 m&hellip;","_links":{"self":[{"href":"https:\/\/www.circolonauticostabia.it\/index.php?rest_route=\/wp\/v2\/pages\/1082","targetHints":{"allow":["GET"]}}],"collection":[{"href":"https:\/\/www.circolonauticostabia.it\/index.php?rest_route=\/wp\/v2\/pages"}],"about":[{"href":"https:\/\/www.circolonauticostabia.it\/index.php?rest_route=\/wp\/v2\/types\/page"}],"author":[{"embeddable":true,"href":"https:\/\/www.circolonauticostabia.it\/index.php?rest_route=\/wp\/v2\/users\/1"}],"replies":[{"embeddable":true,"href":"https:\/\/www.circolonauticostabia.it\/index.php?rest_route=%2Fwp%2Fv2%2Fcomments&post=1082"}],"version-history":[{"count":7,"href":"https:\/\/www.circolonauticostabia.it\/index.php?rest_route=\/wp\/v2\/pages\/1082\/revisions"}],"predecessor-version":[{"id":2241,"href":"https:\/\/www.circolonauticostabia.it\/index.php?rest_route=\/wp\/v2\/pages\/1082\/revisions\/2241"}],"wp:attachment":[{"href":"https:\/\/www.circolonauticostabia.it\/index.php?rest_route=%2Fwp%2Fv2%2Fmedia&parent=1082"}],"curies":[{"name":"wp","href":"https:\/\/api.w.org\/{rel}","templated":true}]}}